(20/(-6) - -4). Suppose h*g + 4 = 7*g. What is c(g)?
5
Let c(x) be the third derivative of -x**7/2520 + x**6/240 - 2*x**5/5 - x**4/6 - 22*x**2. Let a(q) be the third derivative of c(q). Calculate a(-3).
9
Let r(h) = h**3 + 5*h**2 + h + 6. Let v(a) = 259*a**2 + 12 - 75*a**2 + a**3 - 90*a**2 - 78*a**2 - 16*a. Let n be v(-17). Calculate r(n).
1
Let d(z) = z + 18. Let c be (-6)/21 - (2054/273)/(6/(-9)). Determine d(c).
29
Let s(w) be the third derivative of -7*w**4/12 - 67*w**3/3 - 108*w**2 - 2*w + 16. Calculate s(-10).
6
Let h(x) = -x**2 + 6*x - 4. Let m(z) = -12*z + 0*z**2 + 6*z - z**2 + 5. Let g be m(-6). Suppose g*b - 40 = -5*a, 5*a + 4*b = -21 + 56. What is h(a)?
5
Let p(g) = 93*g - 949. Let l be p(10). Let q(x) = 3*x + 21. What is q(l)?
-36
Let g(b) = -b**3 + 13*b**2 + b + 9. Suppose -23*i = 3*j - 27*i - 71, 5*j + 5*i = 25. Determine g(j).
22
Let q(u) = 7*u + 2. Suppose -4*v = 2 - 14. Suppose v*i = -2*y - 3, 3*y - y = 5*i + 5. Let b be q(i). Let s(f) = f**2 + 6*f - 1. Calculate s(b).
-6
Suppose -20*w + 127 = -243 + 50. Let i(v) = -v**3 + 14*v**2 + 34*v - 26. Give i(w).
6
Let y be (-22)/(-6) + (1 - 15/9) + 4. Let a(n) = n**2 - 5*n + 7. Determine a(y).
21
Let u(o) = -o**2 - 15*o + 0*o**2 - o + 8*o - 2. Suppose 3*g + 9 = 2*j - 15, 3*g = j - 24. Give u(g).
-2
Let a(s) = -2*s - 23. Let u = -1347 + 1339. Calculate a(u).
-7
Suppose 0 = -3*r + r. Let m(b) = -62*b + 22*b - b**2 - 18 + 25*b + b**3 - 14 + 15*b. Give m(r).
-32
Let p(s) = -9*s**2 + s - 9. Let k(x) = -40 + 31 - 5*x + 4*x - 11*x**2 + x. Let r(b) = 5*k(b) - 6*p(b). Give r(-8).
-7
Suppose 116*i - 166*i = 100. Let c(o) = 5*o**2 + 6*o + 4. Calculate c(i).
12
Let d(k) = -10*k - 7. Suppose 29*n - 280 = -44*n + 304. Give d(n).
-87
Suppose -4*n + 2 - 14 = 4*w, n - 21 = 2*w. Let x(t) = 13*t + 94. Give x(w).
-10
Suppose 0 = -7*k + 290 + 95. Let r = -48 + k. Let b(v) = -8*v + 5. Let q(a) = 7*a - 6. Let j(h) = -6*b(h) - 7*q(h). Determine j(r).
5
Let h = 307 - 309. Let g(a) = a**2 + 6*a. Let r(f) = -f**2 - 7*f. Let x(i) = h*r(i) - 3*g(i). What is x(-2)?
4
Let y(i) = -i**2 - 30*i - 3. Let v be ((-2)/22)/(17/(-935))*(0 - 6). Calculate y(v).
-3
Let l(s) be the first derivative of s**4/4 - 25*s**3/3 - 27*s**2/2 - 34*s - 13406. Calculate l(26).
-60
Let o(y) = y**3 - 6*y**2 + 6*y + 8. Let t = -1776 - -1782. What is o(t)?
44
Suppose 0 = -3*t - 2*c - 34, 282*t + 3*c - 34 = 286*t. Let a(i) = -15*i - 98. Determine a(t).
52
Let v be 2 + 3 + 1 + 3*-2. Let m(y) = 5 + 0 + v - y**2. What is m(-4)?
-11
Suppose -z - 1 = -0*z. Let n = -3 - z. Let k(o) = -7*o + 2*o**2 + 124 + 59 - 186 + o**3 + 3*o - o**2. Calculate k(n).
1
Let q(j) = j + 8*j - 4 + 0. Let k(a) = a - 1. Let s = 14140 - 14164. Let b(y) = s*k(y) + 3*q(y). Determine b(-8).
-12
Let a(s) be the first derivative of s**3/3 + 11*s**2/2 - 5*s - 1. Let p = 5776 + -5788. Determine a(p).
7
Let b(m) = m**3 - m**2 - 21*m - 3. Let v = 5013 - 5008. Give b(v).
-8
Let w(q) be the second derivative of -2*q + 1/6*q**3 - 5/12*q**4 + 122 - 1/20*q**5 + 2*q**2. Determine w(-4).
-16
Let f(q) = -q**3 - 2*q**2 - q - 4. Suppose 3*k - 6*k - 1 = 2*d, -4*d = 2*k + 14. Suppose 186 - 195 = k*t. Give f(t).
8
Let q(g) = 5*g + 16. Let c = -9448 + 9437. Give q(c).
-39
Let u(s) = -441*s - 439*s - s**2 + 862*s - 29. Give u(-13).
36
Suppose 21 = 2*i - 5*i. Let q(c) be the second derivative of c**4/12 + c**3 - 4*c**2 + 3639*c. Calculate q(i).
-1
Let b(n) = -n**2 - 2*n + 8. Let a(k) be the first derivative of -2*k**3/3 - 2*k**2 + 14*k + 44. Let y(d) = 3*a(d) - 5*b(d). Give y(3).
-13
Let r(x) = 28*x + 67. Let s(v) = 40*v + 93. Let k(z) = -7*r(z) + 5*s(z). Let d = -3 - -7. Suppose 0*l = d*l - 16. Calculate k(l).
12
Let q(b) = -b**3 - 2*b**2 + 18*b + 11. Suppose 129*y + 639 = -6. Calculate q(y).
-4
Let l(b) = -3*b**3 - 10*b**2 + 4*b. Let w(v) = -v**3 - 3*v**2 + v. Let i = -6 - -4. Let d(k) = i*l(k) + 7*w(k). Let a = -93550 + 93548. Give d(a).
6
Let t(x) be the first derivative of -15*x**2/2 + 21*x - 127. Let y(v) = -v + 1. Let n(g) = -t(g) + 18*y(g). Let f be -3 - -1*(-1 - -1). Determine n(f).
6
Let p(v) = -3*v**3 + 27*v**2 + 27*v + 4. Let i be p(9). Suppose 15*f - 2*f + i = 0. Let y(q) = -2*q - 39. Give y(f).
-1
Let w(k) = 3*k**2 + 163*k + 44. Suppose -5*j - 181 = 4*a - 0*j, 27*a + j + 1451 = 0. Determine w(a).
-10
Let l = -11108 - -11105. Let g(y) = 7*y**2 + 12*y - 13. Let x(q) = 2*q**2 + 3*q - 3. Let r(d) = 2*g(d) - 9*x(d). Calculate r(l).
-26
Let o(x) be the third derivative of x**5/30 - x**4/12 - 7*x**3/6 - 3*x**2 - 764. Calculate o(4).
17
Let k(n) = 10*n**2 - 2. Suppose -3*i + 4*q + 11 = 0, 0 = -5*i + 103*q - 101*q + 9. Calculate k(i).
8
Let g(j) be the third derivative of 0*j + j**3 - 1/8*j**4 + 0 - j**2. Let b = -16220 - -16225. What is g(b)?
-9
Let x(i) = 19*i + 5. Let c be (1 - -6) + 525/(-77) + 65/(-55). What is x(c)?
-14
Suppose 3*t - 3*g + 12 = 0, -5*t + 36*g - 39*g - 92 = 0. Let v(n) = n**3 + 12*n**2 - 16*n - 22. What is v(t)?
17
Let z(w) be the third derivative of w**6/120 + 7*w**5/60 - w**4/24 - 5*w**3/3 - 2*w**2 - 142*w. Suppose 12*v - 3*c = 8*v - 43, v + 17 = 2*c. What is z(v)?
-3
Let y(l) = -195 - 33*l - 38*l - 32*l + 140*l - 41*l. Determine y(-51).
9
Let f = 2756 - 2762. Let i(d) = 21*d + 128. What is i(f)?
2
Suppose 0 = 2*q + a - 3, 4 = -0*q + 4*q + 4*a. Let l be (2/5)/(1/30). Let m(j) = 21*j**2 - l*j**q + 3*j - 10*j**2 + 6. Calculate m(5).
-4
Let a be 3/(-21) + 633/21. Suppose a + 26 = -8*z. Let o(u) = u**2 + 6*u + 4. Give o(z).
11
Let q(z) be the second derivative of 3*z**5/20 + 2*z**4/3 + z**3/6 - z**2/2 - 461*z + 8. What is q(-2)?
5
Suppose -26 = -5*o + m, 2*o + 3*m - 9 = -2. Suppose -4*v = -o*v + 15. Suppose -v = -i + 4*i. Let g(d) = d**3 + 5*d**2 - 2*d - 6. Determine g(i).
4
Let s(k) be the third derivative of -k**4/24 + 3*k**3 + 120*k**2. What is s(7)?
11
Suppose 4*o - 23 = -2*y + 5*y, 0 = -o + y + 7. Suppose -o*t - 2 = 2. Let m(g) be the third derivative of g**4/8 - 4*g**2 + g. What is m(t)?
-6
Let t = -29 - -29. Suppose 2*b - 4 = b, t = 4*s + 3*b - 72. Suppose -s*y = -21*y - 12. Let o(p) = p**3 + 3*p**2 + 3*p. Determine o(y).
-2
Let a(d) = 9*d**2 - 1. Suppose 23*h - 6 = 21*h. Suppose 4*r - 8 = -4*y, -2*y - h = -4*r - 1. Calculate a(y).
8
Let i be (5 - 4)*-1*-57. Let g be (-6)/15 - (-1 + i/(-5)). Let a(w) = -7 + 3*w + g - 2*w**2 + 3*w**2. Determine a(-5).
15
Let h(c) be the second derivative of -c**5/30 - 5*c**4/24 - c**3/6 - 13*c**2/2 - 66*c. Let i(k) be the second derivative of h(k). Calculate i(6).
-29
Let r(d) = d**3 - 25*d**2 + 2*d - 47. Let n be r(25). Let u(m) = n*m**2 + 21*m**3 + m + 1 - 15*m**3 - 7*m**3. Give u(3).
4
Let i(z) = -z**2 + z - 1. Let f = -2272 + 2264. Determine i(f).
-73
Suppose -2*n = 2*n + 2*o - 20, -o = n - 5. Let p(v) = 2*v**2 - 14*v + 13. Let m(z) = -9 - 21*z + 28 + 0*z + 3*z**2. Let l(u) = -5*m(u) + 7*p(u). Determine l(n).
6
Let p(o) = -30*o - 72*o**3 + 16*o**3 + 28*o**3 + 9*o**2 + 16 + 27*o**3 + 10*o. Give p(6).
4
Let d(a) = 10*a**2 - 14*a + 43. Let x(b) = -23*b**2 + 33*b - 102. Let q(n) = 19*d(n) + 8*x(n). Let o = -2 - -3. Calculate q(o).
5
Let z(b) = b**2 + 10*b + 8. Suppose -28*u - 6235 = -131. Let s = u - -208. Calculate z(s).
8
Let o(y) be the first derivative of 44 + 7/3*y**3 + 2*y + 1/4*y**4 + y**2. Let u be -6 + (-2)/(2/1). Give o(u).
-12
Let p(x) = 537 - 1139 + x + 592. Determine p(7).
-3
Let p = 8 - 5. Let r(s) = 0*s - 6*s - s + p. Let n = -6580 + 6584. Determine r(n).
-25
Let u(x) = -x**2 - 4*x - 3. Let i(s) = s**2 + 3*s + 3. Let p(g) = 2*i(g) + 3*u(g). Let d = -71891 + 71887. What is p(d)?
5
Let l = -145 + 153. Let p(r) = -r**2 + 0*r - 5*r - l + 2 + r. Determine p(-4).
-6
Suppose b = n + 3, 5*b + 0*b - 20 = 0. Let y(v) = 0*v + v**2 + 1 + 9*v**3 + 2*v - 3*v. Give y(n).
10
Let h(l) = 2*l + 1. Let g be 5 + -8 + (2 - -5). Suppose -g*q + 3 = -5*q. Let o(t) = 3*t + 2. Let v(z) = q*o(z) + 5*h(z). Calculate v(1).
0
Let g(h) = h**3 - 6*h**2 - h + 3. Suppose -10*t = 3*t + 1261. Let f = 103 + t. Give g(f).
-3
Suppose 52 = 37*b - 35*b. Let w be (-8)/(-40) + (0 - b/5). Let x be 72/(-20)*w/3. Let d(k) = k**3 - 7*k**2 + 8*k - 7. Give d(x).
5
Let o(n) be the first derivative of n**3 + 7*n**2/2 + 10*n - 630. What is o(-6)?
76
Let g(t) = -t**2 + 71*t + 222. Let d be g(-3). Let x(b) = b**2 - 5*b + 13. Give x(d).
13
Let z(s) = -s**2 - 58*s + 300.